st common factor of 455 and 66235.
65
Calculate the highest common divisor of 72 and 168808.
8
Calculate the highest common divisor of 592 and 48056.
8
Calculate the greatest common divisor of 80696 and 10472.
616
Calculate the highest common factor of 304 and 152.
152
Calculate the highest common factor of 2691 and 66339.
117
What is the greatest common factor of 29288 and 140?
28
What is the greatest common divisor of 6954 and 171?
57
What is the highest common divisor of 583320 and 120?
120
What is the greatest common factor of 18 and 212526?
18
What is the greatest common divisor of 2483 and 6071?
13
Calculate the greatest common divisor of 422 and 4009.
211
What is the highest common factor of 47191 and 410?
41
What is the highest common factor of 112 and 811216?
112
Calculate the greatest common factor of 23 and 2330544.
23
Calculate the greatest common factor of 39 and 375.
3
Calculate the greatest common factor of 1040011 and 7.
7
Calculate the greatest common factor of 5271 and 756.
21
Calculate the greatest common divisor of 6696 and 36084.
372
Calculate the highest common divisor of 190 and 347662.
38
What is the highest common factor of 314154 and 93?
93
What is the greatest common divisor of 733870 and 10?
10
Calculate the greatest common divisor of 4825 and 325.
25
What is the greatest common factor of 64 and 14368?
32
What is the highest common factor of 17632 and 348?
116
What is the highest common factor of 609690 and 5?
5
What is the highest common factor of 2070738 and 558?
558
What is the greatest common factor of 2562 and 18849?
183
What is the highest common factor of 8469 and 171?
9
What is the greatest common divisor of 773292 and 54?
6
Calculate the highest common factor of 29 and 551000.
29
Calculate the greatest common factor of 13031 and 166.
83
Calculate the greatest common factor of 450 and 18540.
90
What is the highest common factor of 39 and 123513?
39
Calculate the greatest common divisor of 126 and 499254.
42
Calculate the highest common divisor of 36157 and 1045.
209
Calculate the greatest common divisor of 5598 and 23636.
622
What is the greatest common divisor of 105 and 56553?
21
Calculate the greatest common divisor of 4886 and 2562.
14
What is the greatest common divisor of 1800 and 9175?
25
What is the highest common factor of 1809047 and 76?
19
Calculate the highest common divisor of 94850 and 16450.
350
What is the highest common divisor of 84 and 31128?
12
What is the greatest common divisor of 99 and 5751?
9
What is the greatest common factor of 237 and 4866321?
237
What is the highest common factor of 3227826 and 1470?
294
What is the greatest common factor of 44 and 5137?
11
What is the highest common divisor of 96 and 149664?
96
What is the highest common divisor of 20816 and 4496?
16
What is the highest common factor of 6966 and 678?
6
Calculate the greatest common divisor of 7056 and 2898.
126
Calculate the greatest common divisor of 100 and 8420.
20
Calculate the highest common factor of 2128 and 949886.
266
Calculate the highest common divisor of 103663 and 59.
59
What is the highest common divisor of 185148 and 9990?
666
Calculate the highest common factor of 23980 and 70.
10
What is the highest common factor of 14131 and 767?
13
Calculate the greatest common divisor of 659043 and 378.
189
Calculate the greatest common factor of 561 and 277848.
51
What is the highest common divisor of 1 and 2539?
1
What is the greatest common factor of 9600 and 402000?
1200
What is the highest common divisor of 11194 and 73726?
386
What is the highest common factor of 23178 and 12?
6
What is the highest common divisor of 6681 and 289?
17
What is the highest common divisor of 24810 and 960?
30
Calculate the highest common factor of 165 and 18833265.
165
What is the greatest common divisor of 1299 and 125137?
433
What is the greatest common divisor of 24 and 43264?
8
What is the greatest common divisor of 44 and 175164?
44
Calculate the greatest common factor of 2926 and 1292.
38
Calculate the highest common divisor of 299 and 38662.
13
Calculate the highest common divisor of 552831 and 9525.
381
What is the greatest common divisor of 219 and 5310093?
219
Calculate the highest common divisor of 240 and 36030.
30
Calculate the highest common factor of 1035 and 18423.
207
Calculate the highest common divisor of 325980 and 180.
180
What is the highest common divisor of 19682 and 260408?
1514
Calculate the highest common factor of 13 and 125320.
13
What is the highest common factor of 3182 and 58867?
1591
Calculate the highest common factor of 46 and 4434814.
46
Calculate the greatest common divisor of 6 and 1203.
3
What is the highest common factor of 89 and 56159?
89
Calculate the highest common factor of 47866 and 2630.
526
What is the highest common factor of 240133 and 6564?
547
What is the highest common divisor of 90 and 108660?
30
What is the highest common divisor of 37149 and 10150?
203
Calculate the greatest common divisor of 49 and 581.
7
What is the greatest common divisor of 42020 and 1012?
44
What is the greatest common factor of 3352 and 17?
1
Calculate the highest common factor of 48 and 442272.
48
Calculate the greatest common divisor of 144 and 8504.
8
Calculate the highest common factor of 87351 and 33.
33
What is the greatest common factor of 2559715 and 118?
59
Calculate the greatest common factor of 3 and 48520.
1
Calculate the highest common divisor of 248 and 4395676.
124
Calculate the highest common factor of 97639 and 778.
389
Calculate the highest common divisor of 990 and 1269.
9
What is the highest common factor of 648 and 524?
4
Calculate the greatest common factor of 8424 and 14664.
312
Calculate the highest common divisor of 350 and 14.
14
Calculate the greatest common divisor of 382815 and 60.
15
What is the greatest common factor of 401568 and 192?
96
Calculate the greatest common divisor of 180 and 341424.
36
What is the highest common divisor of 51976 and 37376?
584
Calculate the highest common factor of 176540 and 56.
28
What is the highest common factor of 32 and 8180?
4
Calculate the greatest common divisor of 28013 and 771.
257
Calculate the greatest common divisor of 68976 and 612.
36
What is the highest common factor of 360 and 58360?
40
What is the highest common factor of 5722 and 2?
2
Calculate the highest common factor of 70 and 55265.
35
Calculate the highest common factor of 425 and 268075.
25
What is the highest common divisor of 62 and 292330?
62
Calculate the highest common divisor of 1960 and 34440.
280
What is the highest common divisor of 33 and 7761?
3
What is the highest common divisor of 8283 and 1980?
33
What is the greatest common factor of 77669 and 303?
101
What is the highest common divisor of 106016 and 5?
1
Calculate the highest common factor of 17120 and 1760.
160
What is the highest common factor of 409 and 204091?
409
Calculate the highest common factor of 1392 and 371403.
87
What is the highest common divisor of 2134 and 5820?
194
What is the highest common factor of 392 and 120638?
98
What is the greatest common divisor of 725 and 783?
29
What is the greatest common factor of 3875 and 16000?
125
Calculate the highest common factor of 1007286 and 210.
42
What is the highest common divisor of 35 and 199115?
35
Calculate the greatest common divisor of 182 and 363454.
182
Calculate the highest common factor of 91 and 17667.
13
What is the greatest common factor of 4293 and 2650?
53
Calculate the greatest common factor of 13 and 65.
13
What is the greatest common factor of 2639 and 2821?
91
Calculate the highest common divisor of 960 and 18816.
192
Calculate the highest common factor of 112 and 389816.
56
Calculate the greatest common divisor of 266207 and 2092.
523
What is the highest common divisor of 3851892 and 44?
44
Calculate the highest common divisor of 5162 and 1682.
58
Calculate the highest common factor of 264 and 51964.
44
What is the greatest common divisor of 343 and 1561?
7
Calculate the greatest common factor of 1531211 and 77.
11
What is the highest common divisor of 1020 and 415480?
340
Calculate the highest common factor of 1358 and 27451.
97
Calculate the highest common factor of 2038094 and 716.
358
What is the highest commo